 3, 19
Suppose m + 3*w + 8 = -15, 30 = -m + 4*w. Let u(k) = 2*k**3 + 7*k**2 - 42*k + 26. Let i be u(-6). Let s = i + m. List the prime factors of s.
2, 3
Let z be (4/(-3))/(((-26)/(-21))/(-13)). Let r(v) = 5*v - 14. Let q(l) = 6*l - 15. Let c(a) = 4*q(a) - 3*r(a). List the prime factors of c(z).
2, 3
Let q be (-3)/(-15) - (-5 - (-1644)/20). Let n = q - -123. List the prime factors of n.
2, 23
Suppose 4*j - 29 = -5. Let y = 21505 + -21475. List the prime factors of 20/y - ((-422)/j - -1).
2, 5, 7
Let r(t) = 2*t**2 + 14*t + 12. Let m be r(-6). Suppose m = 4*k - 8, -4*w + 4*k - 172 = 2*k. Let q = 46 + w. List the prime factors of q.
2
Let v = 8910 + 13520. List the prime factors of v.
2, 5, 2243
Let o(l) = 3*l**2 - 16*l + 155. List the prime factors of o(37).
2, 5, 367
What are the prime factors of (-2 - -1)/(40/(-80)) + -3 + 11196?
5, 2239
Let q(b) = -15*b - 12. Suppose 6*s + 163 = 853. Let w = 113 - s. List the prime factors of q(w).
2, 3
Suppose -4*z = z - 3*p + 41, -3*p - 15 = 3*z. Let q(g) = g**2 + 7*g + 2. Let m be q(z). List the prime factors of 0/m - 33/6*-18.
3, 11
Let h(w) = -33*w**2 - 3*w - 4. Let u be h(-1). Let k = 205 + u. List the prime factors of k.
3, 19
Suppose 0 = 2*p + 12 - 4. Let n(c) = -c**3 - 3*c**2 + 4*c + 4. Let g be n(p). Suppose 2*q - g*j = 308, -j - 718 = -5*q + 79. List the prime factors of q.
2, 5
Let g be (-5 + 5398 - -7) + -7. Suppose 15*t = g + 4927. What are the prime factors of t?
2, 43
Suppose -82*r = -85*r + 3. Let h(l) = 1033*l + 28. What are the prime factors of h(r)?
1061
Let m = 1180 + 1230. List the prime factors of m.
2, 5, 241
Let h = 8 + -9. Let s be (-60)/h*10/25. Suppose -2*c + 4 = -n - s, -c + 11 = n. What are the prime factors of c?
13
Let d be 22/(-77) + 12/(-7). Let y(l) = -l + 11 - 3 + 2*l. List the prime factors of y(d).
2, 3
Let w = 179864 - 124756. What are the prime factors of w?
2, 23, 599
Let v(h) = -h**2 + 2*h + 31. Let i(f) = -3*f - 32. Let x(d) = -5*i(d) - 4*v(d). List the prime factors of x(-8).
2, 59
Let y(c) = 44*c - 16. Let n(s) = 89*s - 30. Let d(z) = -6*n(z) + 13*y(z). List the prime factors of d(4).
2, 31
Suppose -9743*h + 9710*h + 2001285 = 0. List the prime factors of h.
3, 5, 13, 311
Let z = 16933 + 6879. What are the prime factors of z?
2, 5953
Let k = -29 + 64. Suppose -k*q + 32*q + 69 = 0. Suppose -q*x = -19*x - 916. List the prime factors of x.
229
Let l(h) = 9*h**2 - 5*h + 9. Let o(t) = -17*t**2 + 9*t - 19. Let a(d) = 7*l(d) + 3*o(d). Let j be a(4). Suppose 8*s = 6*s + j. List the prime factors of s.
83
Let b(m) = -m**3 - 18*m**2 + 22*m + 17. Let f be b(-15). Let z = -125 - f. List the prime factors of z.
863
Let c = -178 + 181. What are the prime factors of 2/(6375/(-2127) + c)?
709
Let k(q) = q**3 + q**2 - q + 1. Let h be k(-2). Let l = h + 9. What are the prime factors of (-458)/(-5) + l/20?
2, 23
Suppose -15 + 15 = -4*t. Suppose 3*h + 5*h + 368 = t. Let y = h + 51. What are the prime factors of y?
5
Let a be ((30/8)/(-5))/(4/(-16)). Suppose -3*y + 2*v + 0*v + 760 = 0, a*y + 2*v = 740. Let i = y - 148. List the prime factors of i.
2, 3, 17
Suppose -36*g + 467944 = 22*g. What are the prime factors of g?
2, 2017
Let i(f) = -f**2 - 56*f - 34. Let j(s) = -s**2 - 56*s - 33. Let v(x) = -4*i(x) + 5*j(x). List the prime factors of v(-22).
719
Suppose 2*b = 4*t + 34, -6*t - 38 = -t + 2*b. List the prime factors of -4*(-1)/2*(t - -10).
2
Suppose 9*f + 18*f - 779534 = 2*r, 3*f + 5*r = 86641. List the prime factors of f.
2, 3, 401
Suppose -5*c + 2*c = 14*c. Suppose c = -12*l + 4496 + 1168. What are the prime factors of l?
2, 59
Suppose -143349 = -6*g + 10023. List the prime factors of g.
2, 12781
Let t be 1 + 0 - 55 - 2. Suppose 4846 = 11*q - 1490. What are the prime factors of (-24)/t - q/(-28)?
3, 7
What are the prime factors of ((-378)/(-10))/(189/108360)?
2, 3, 7, 43
Suppose -5*p - 39 = t, -7*p = -3*p - 2*t + 20. What are the prime factors of (p - -19)*5/((-20)/(-278))?
2, 3, 139
Let u = 16099 - 4933. List the prime factors of u.
2, 3, 1861
Suppose 0 = -9*i + 2288 + 718. Suppose 137*w - i = 136*w. List the prime factors of w.
2, 167
Let c = -37 + 100. Let d = 165 + c. List the prime factors of d.
2, 3, 19
Suppose 0 = -11*a + 3*m + 582423 + 161883, 3*a + m = 202978. What are the prime factors of a?
2, 3, 7, 179
Let c(w) = -93*w - 12*w - 209 + 212. Let r be -4 - 2/4*-6. List the prime factors of c(r).
2, 3
Let p(i) be the second derivative of i**6/360 + i**5/30 + 41*i**4/8 - 7*i**3/3 + 6*i. Let n(v) be the second derivative of p(v). List the prime factors of n(0).
3, 41
Let q be (-2080)/360 + (4/18)/(-1). Let z be (-2)/(q/45) - 0/5. Suppose 33*i - 36*i = -z. List the prime factors of i.
5
Let l = 29 - 14. Let r be 4/(-20) + 243/l. Let g = r + 36. List the prime factors of g.
2, 13
Suppose 27*w - 21541 = -1453. Let z = -443 + w. List the prime factors of z.
7, 43
Suppose 7*m - 790 = 2*m. Let j = -135 + 139. Suppose -2*p = 3*p + 3*i - 330, j*i + m = 2*p. What are the prime factors of p?
3, 23
Suppose 2 = -k - k - 5*q, -12 = -5*k - 4*q. Suppose 2293 = k*w - 2255. List the prime factors of w.
3, 379
Let z(g) = -22*g**2 - 22 + 9*g + 6*g**2 + g**3 - 9 - 6. What are the prime factors of z(16)?
107
Suppose 2*p - 4*p + 8 = j, -2*j + 5*p = 20. Suppose j = -5*c + 1360 + 1170. Let t = c + -298. What are the prime factors of t?
2, 13
Let j = -56 + 31. Let r be (24/5)/((-2)/j). Suppose -7*t = -r - 255. What are the prime factors of t?
3, 5
Let p(m) = 20*m - 24. Let a be p(8). Suppose 3*r = -5*l - a - 1215, -538 = 2*l + 2*r. Let c = 422 + l. List the prime factors of c.
2, 3, 5
Let v(m) = -4*m**2 + 8*m + 2. Let u be v(-7). Let x(o) = 29*o + 127. Let b be x(-10). Let a = b - u. What are the prime factors of a?
3, 29
Let j = -448 + 7552. List the prime factors of j.
2, 3, 37
Let r = -107 - -90. Let z = -14 - r. Suppose z*k + 6*o - 300 = 3*o, 2*o = 4*k - 430. List the prime factors of k.
3, 5, 7
Suppose 10*b + 56 = 17*b. Suppose -b*g = -12*g - 3*d + 2388, -5*d + 20 = 0. What are the prime factors of g?
2, 3, 11
Suppose 0 = -3*x - 2*n + 44, -5*x - 5*n + 28 + 52 = 0. Let k = x + -13. List the prime factors of ((-21)/9)/(k/36).
2, 3, 7
Suppose -4*d + 0*d - 4*g - 20 = 0, 3*d = 5*g - 47. Let p(i) = -i**3 - 5*i**2 + 21*i + 8. Let a be p(d). Let y = a + -118. What are the prime factors of y?
5
Suppose -238*d - 48838 = -249*d + 14137. List the prime factors of d.
5, 229
Let v(r) = -8*r**2 - 112*r + 4. Let b be v(-14). Suppose b*x = 4, -6*x - 1300 = -4*g - 2*x. List the prime factors of g.
2, 163
Let t(m) = -m**3 - 10*m**2 - 5*m + 36. Let q be t(-9). Suppose 2*b + q*b = 706. What are the prime factors of b?
353
Suppose -2 = x - 2*o, 0 = 2*o - 1 - 7. Suppose -8*i + 28 = -x*i. What are the prime factors of ((-21)/i)/((-3)/86)?
43
Suppose 0 = -4*x + 6*x - 3*z + 7, -z = -1. Let q be (-51 - 0)*1/x*2. Suppose -11*l + 14*l - q = 0. What are the prime factors of l?
17
What are the prime factors of 144/(-15)*67740/(-48)?
2, 3, 1129
Let z = 189 + -101. Let u = -66 + z. What are the prime factors of u?
2, 11
Let d(u) = 582*u**2 - 75*u - 636. List the prime factors of d(-7).
3, 17, 557
Let l(y) = 23*y**3 + 8*y - 7. Let s be l(1). Let o = s + 769. What are the prime factors of o?
13, 61
Suppose -5*r - k + 1419 = -5*k, r + k = 282. Suppose 3*d - 3*q = -165, -4*d - r = d + 3*q. Let n = d + 122. What are the prime factors of n?
2, 3, 11
Suppose -2*h - 24 = -54. Let q = h - 25. List the prime factors of ((-12)/q)/(4/50).
3, 5
Suppose 192*l - 1636 = 188*l. Let r = -73 + l. List the prime factors of r.
2, 3, 7
Let q = 13114 + -6893. Suppose -5*h - 4*p = -q + 1820, -3*h + 2641 = 2*p. List the prime factors of h.
881
Let p(i) = 617*i + 1012. List the prime factors of p(24).
2, 5, 7, 113
Suppose -3*w = 3*h - 30975, -w - 5*h = -17013 + 6704. What are the prime factors of w?
3, 11, 313
Suppose -o - 11 + 13 = 0. Suppose -4*a + o*r + 1890 = 4*r, -3*a + r + 1430 = 0. What are the prime factors of a?
5, 19
Let z(k) = -104*k + 72. Let g be z(16). Let f be 4 + g/(-20) + (-4)/(-10). Suppose -85*m + 53 = -f*m. List the prime factors of m.
53
Let w be -4 + (-33 - (5 + -3)). Let r = w + 31. List the prime factors of 145 - (4*(-4)/r - 2).
5, 29
List the prime factors of 12184/8 - (-1 + 3) - (2 + 1).
2, 3, 11, 23
Let q be -4 + 0 - -5 -